{"id":88,"date":"2025-02-03T13:58:32","date_gmt":"2025-02-03T12:58:32","guid":{"rendered":"https:\/\/cinematurc.com\/site\/?page_id=88"},"modified":"2026-03-21T20:40:23","modified_gmt":"2026-03-21T19:40:23","slug":"nos-partenaires","status":"publish","type":"page","link":"https:\/\/cinematurc.com\/site\/?page_id=88","title":{"rendered":"Nos partenaires"},"content":{"rendered":"\n<div class=\"wp-block-media-text is-stacked-on-mobile is-vertically-aligned-top\" style=\"grid-template-columns:20% auto\"><figure class=\"wp-block-media-text__media\"><img loading=\"lazy\" decoding=\"async\" width=\"1024\" height=\"640\" src=\"https:\/\/cinematurc.com\/site\/wp-content\/uploads\/2025\/02\/logo-mairie-paris-10-1024x640.jpg\" alt=\"\" class=\"wp-image-90 size-full\" srcset=\"https:\/\/cinematurc.com\/site\/wp-content\/uploads\/2025\/02\/logo-mairie-paris-10-1024x640.jpg 1024w, https:\/\/cinematurc.com\/site\/wp-content\/uploads\/2025\/02\/logo-mairie-paris-10-300x188.jpg 300w, https:\/\/cinematurc.com\/site\/wp-content\/uploads\/2025\/02\/logo-mairie-paris-10-768x480.jpg 768w, https:\/\/cinematurc.com\/site\/wp-content\/uploads\/2025\/02\/logo-mairie-paris-10.jpg 1200w\" sizes=\"auto, (max-width: 1024px) 100vw, 1024px\" \/><\/figure><div class=\"wp-block-media-text__content\">\n<p><a href=\"https:\/\/mairie10.paris.fr\/\" target=\"_blank\" rel=\"noreferrer noopener\">Mairie du 10e Arrondissement<\/a><\/p>\n\n\n\n<p>Le 10e c\u2019est l\u2019arrondissement des salles de spectacle et des grands boulevards o\u00f9, au d\u00e9but du XXe si\u00e8cle, est n\u00e9 le french cancan. Ses deux gares, ses quatre h\u00f4pitaux, ses deux arcs de triomphe, son canal, ses anciens couvents sont aujourd\u2019hui les t\u00e9moins du riche pass\u00e9 de la capitale.<\/p>\n\n\n\n<p>Rest\u00e9 populaire, le 10e est au cours de ce si\u00e8cle devenu plus cosmopolite. Il a accueilli ces derni\u00e8res ann\u00e9es une forte immigration, essentiellement africaine, indienne, turque et chinoise. Frapp\u00e9 durement par la crise, le 10e tente une reconversion. Rue d\u2019Hauteville, les fils de fourreurs s\u2019int\u00e9ressent \u00e0 l\u2019informatique, des entreprises d\u2019envergure internationale s\u2019implantent dans l\u2019arrondissement\u2026 La population rajeunit et de nombreux artistes et cr\u00e9ateurs am\u00e9nagent le long du canal Saint-Martin.<\/p>\n\n\n\n<p>La place centrale du 10e dans Paris, sa mixit\u00e9 sociale et culturelle, le rajeunissement de sa population, ses nombreux th\u00e9\u00e2tres, ses h\u00f4pitaux renomm\u00e9s dans le monde entier, ses trois gares et l\u2019arriv\u00e9e de nombreuses entreprises -concernant des activit\u00e9s aussi diverses que la publicit\u00e9, la mode, la cr\u00e9ation et m\u00eame la nouvelle \u00e9conomie-, demeurent des atouts essentiels pour affronter le 3\u00e8me mill\u00e9naire.<\/p>\n<\/div><\/div>\n\n\n\n<div class=\"wp-block-media-text is-stacked-on-mobile is-vertically-aligned-top\" style=\"grid-template-columns:20% auto\"><figure class=\"wp-block-media-text__media\"><img loading=\"lazy\" decoding=\"async\" width=\"405\" height=\"392\" src=\"https:\/\/cinematurc.com\/site\/wp-content\/uploads\/2025\/02\/Logo-HD_VDP-Mairie-Paris.jpg\" alt=\"\" class=\"wp-image-93 size-full\" srcset=\"https:\/\/cinematurc.com\/site\/wp-content\/uploads\/2025\/02\/Logo-HD_VDP-Mairie-Paris.jpg 405w, https:\/\/cinematurc.com\/site\/wp-content\/uploads\/2025\/02\/Logo-HD_VDP-Mairie-Paris-300x290.jpg 300w\" sizes=\"auto, (max-width: 405px) 100vw, 405px\" \/><\/figure><div class=\"wp-block-media-text__content\">\n<p><a href=\"https:\/\/www.paris.fr\/\" target=\"_blank\" rel=\"noreferrer noopener\">Mairie de Paris<\/a><\/p>\n\n\n\n<p>Paris, capitale du cin\u00e9ma, est attach\u00e9 \u00e0 la diversit\u00e9 des \u00e9critures et des formes&nbsp;cin\u00e9matographiques. La Mairie de Paris encourage la cr\u00e9ation, de la production (soutien aux courts m\u00e9trages,accueil des tournages) \u00e0 la salle de cin\u00e9ma (soutien aux salles art et essai ind\u00e9pendantes,&nbsp;festivals, Forum des images). Cette volont\u00e9 politique s\u2019inscrit dans une perspective d\u2019\u00e9ducation \u00e0 l\u2019image&nbsp;et d\u2019am\u00e9nagement culturel du territoire.<\/p>\n<\/div><\/div>\n\n\n\n<div class=\"wp-block-media-text is-stacked-on-mobile is-vertically-aligned-top\" style=\"grid-template-columns:20% auto\"><figure class=\"wp-block-media-text__media\"><img loading=\"lazy\" decoding=\"async\" width=\"800\" height=\"233\" src=\"https:\/\/cinematurc.com\/site\/wp-content\/uploads\/2025\/02\/altyazi-logo.png\" alt=\"\" class=\"wp-image-130 size-full\" srcset=\"https:\/\/cinematurc.com\/site\/wp-content\/uploads\/2025\/02\/altyazi-logo.png 800w, https:\/\/cinematurc.com\/site\/wp-content\/uploads\/2025\/02\/altyazi-logo-300x87.png 300w, https:\/\/cinematurc.com\/site\/wp-content\/uploads\/2025\/02\/altyazi-logo-768x224.png 768w\" sizes=\"auto, (max-width: 800px) 100vw, 800px\" \/><\/figure><div class=\"wp-block-media-text__content\">\n<p><a href=\"https:\/\/altyazi.net\/\" target=\"_blank\" rel=\"noreferrer noopener\">Altyaz\u0131 Dergi<\/a><\/p>\n\n\n\n<p>Fond\u00e9 en 2001, Altyaz\u0131 est un magazine de cin\u00e9ma ind\u00e9pendant. Depuis 2019, son engagement se poursuit avec la cr\u00e9ation de l&rsquo;Association du Cin\u00e9ma Altyaz\u0131 (Altyaz\u0131 Sinema Derne\u011fi), qui \u00e9tend ses activit\u00e9s \u00e0 l&rsquo;organisation de s\u00e9minaires, projections, rencontres et collaborations avec des festivals. Dans cette dynamique, l\u2019association a lanc\u00e9 Altyaz\u0131 Fasik\u00fcl: \u00d6zg\u00fcr Sinema, une publication en ligne d\u00e9di\u00e9e \u00e0 la d\u00e9fense de la libert\u00e9 d\u2019expression cin\u00e9matographique. Ce m\u00e9dia met en lumi\u00e8re les pratiques critiques et documentaires, souvent marginalis\u00e9es, tout en soutenant les cin\u00e9astes et collectifs ind\u00e9pendants.<\/p>\n<\/div><\/div>\n\n\n\n<div class=\"wp-block-media-text is-stacked-on-mobile is-vertically-aligned-top\" style=\"grid-template-columns:20% auto\"><figure class=\"wp-block-media-text__media\"><img loading=\"lazy\" decoding=\"async\" width=\"308\" height=\"111\" src=\"https:\/\/cinematurc.com\/site\/wp-content\/uploads\/2025\/02\/logo-2-louxor.png\" alt=\"\" class=\"wp-image-96 size-full\" srcset=\"https:\/\/cinematurc.com\/site\/wp-content\/uploads\/2025\/02\/logo-2-louxor.png 308w, https:\/\/cinematurc.com\/site\/wp-content\/uploads\/2025\/02\/logo-2-louxor-300x108.png 300w\" sizes=\"auto, (max-width: 308px) 100vw, 308px\" \/><\/figure><div class=\"wp-block-media-text__content\">\n<p><a href=\"https:\/\/www.cinemalouxor.fr\/\" target=\"_blank\" rel=\"noreferrer noopener\">Cin\u00e9ma Le Louxor<\/a><\/p>\n\n\n\n<p>Le Louxor est une salle de cin\u00e9ma situ\u00e9e au n\u00b0170, boulevard de Magenta dans le 10e arrondissement de Paris (France), construite par l\u2019architecte Henri Zipcy<sup><\/sup>&nbsp;et inaugur\u00e9e le&nbsp;6 octobre 1921<sup><\/sup>. Inscrite au titre des&nbsp;monuments historiques&nbsp;le&nbsp;5 octobre 1981&nbsp;(fa\u00e7ades et toitures)<sup><\/sup>, elle est transform\u00e9e en&nbsp;bo\u00eete de nuit&nbsp;en 1983. Ferm\u00e9e en 1988 et laiss\u00e9e \u00e0 l\u2019abandon, elle rouvre finalement le&nbsp;17 avril 2013<sup><\/sup>, enti\u00e8rement r\u00e9nov\u00e9e et dot\u00e9e d\u00e9sormais de trois salles.<\/p>\n<\/div><\/div>\n\n\n\n<div class=\"wp-block-media-text is-stacked-on-mobile is-vertically-aligned-top\" style=\"grid-template-columns:20% auto\"><figure class=\"wp-block-media-text__media\"><img loading=\"lazy\" decoding=\"async\" width=\"277\" height=\"154\" src=\"https:\/\/cinematurc.com\/site\/wp-content\/uploads\/2025\/02\/LeBradyLogo.png\" alt=\"\" class=\"wp-image-98 size-full\"\/><\/figure><div class=\"wp-block-media-text__content\">\n<p><a href=\"https:\/\/www.lebrady.fr\/\" target=\"_blank\" rel=\"noreferrer noopener\">Cin\u00e9ma Le Brady<\/a><\/p>\n\n\n\n<p>Le Brady est un cin\u00e9ma parisien inaugur\u00e9 en 1956, situ\u00e9 39 boulevard de Strasbourg dans le 10e arrondissement. C\u2019est une salle unique et propose une programmation de films fantastiques de s\u00e9rie B. Temple du film de genre pendant de longues ann\u00e9es, il a \u00e9t\u00e9 fr\u00e9quent\u00e9 entre autres par Fran\u00e7ois Truffaut, la salle ensuite a \u00e9t\u00e9 rachet\u00e9e par Jean-Pierre Mocky, qui a ajout\u00e9 une salle \u00e0 la fin des ann\u00e9es 90. Il l\u2019a revendu le Brady fin 2010 \u00e0 l\u2019\u00e9quipe actuelle. Le Brady est compos\u00e9 d\u00e9sormais d\u2019une salle de 100 places qui accueille des projections cin\u00e9matographiques et des repr\u00e9sentations th\u00e9\u00e2trales et une salle de 39 places uniquement consacr\u00e9e aux projections.<\/p>\n<\/div><\/div>\n\n\n\n<div class=\"wp-block-media-text is-stacked-on-mobile is-vertically-aligned-top\" style=\"grid-template-columns:20% auto\"><figure class=\"wp-block-media-text__media\"><img loading=\"lazy\" decoding=\"async\" width=\"1024\" height=\"327\" src=\"https:\/\/cinematurc.com\/site\/wp-content\/uploads\/2025\/02\/logo-sada-1024x327.png\" alt=\"\" class=\"wp-image-100 size-full\" srcset=\"https:\/\/cinematurc.com\/site\/wp-content\/uploads\/2025\/02\/logo-sada-1024x327.png 1024w, https:\/\/cinematurc.com\/site\/wp-content\/uploads\/2025\/02\/logo-sada-300x96.png 300w, https:\/\/cinematurc.com\/site\/wp-content\/uploads\/2025\/02\/logo-sada-768x245.png 768w, https:\/\/cinematurc.com\/site\/wp-content\/uploads\/2025\/02\/logo-sada-1536x491.png 1536w, https:\/\/cinematurc.com\/site\/wp-content\/uploads\/2025\/02\/logo-sada-2048x654.png 2048w\" sizes=\"auto, (max-width: 1024px) 100vw, 1024px\" \/><\/figure><div class=\"wp-block-media-text__content\">\n<p><a href=\"https:\/\/cinemasaintandre.com\/\" target=\"_blank\" rel=\"noreferrer noopener\">St Andr\u00e9 des Arts<\/a><\/p>\n\n\n\n<p>Le&nbsp;Saint-Andr\u00e9-des-Arts&nbsp;est un&nbsp;cin\u00e9ma&nbsp;ind\u00e9pendant d\u2019Art et Essai&nbsp;situ\u00e9 dans le&nbsp;6<sup>e<\/sup>&nbsp;arrondissement&nbsp;de&nbsp;Paris&nbsp;(France). Son entr\u00e9e principale est situ\u00e9e au&nbsp;n<sup>o<\/sup>&nbsp;30 rue Saint-Andr\u00e9-des-Arts.&nbsp;Il promeut une politique de soutien aux films d\u2019auteurs et particuli\u00e8rement aux&nbsp;documentaires&nbsp;et aux&nbsp;films exp\u00e9rimentaux.<\/p>\n<\/div><\/div>\n\n\n\n<div class=\"wp-block-media-text is-stacked-on-mobile is-vertically-aligned-top\" style=\"grid-template-columns:20% auto\"><figure class=\"wp-block-media-text__media\"><img loading=\"lazy\" decoding=\"async\" width=\"1024\" height=\"479\" src=\"https:\/\/cinematurc.com\/site\/wp-content\/uploads\/2025\/02\/GI_Logo_horizontal_green-1024x479.jpg\" alt=\"\" class=\"wp-image-102 size-full\" srcset=\"https:\/\/cinematurc.com\/site\/wp-content\/uploads\/2025\/02\/GI_Logo_horizontal_green-1024x479.jpg 1024w, https:\/\/cinematurc.com\/site\/wp-content\/uploads\/2025\/02\/GI_Logo_horizontal_green-300x140.jpg 300w, https:\/\/cinematurc.com\/site\/wp-content\/uploads\/2025\/02\/GI_Logo_horizontal_green-768x359.jpg 768w, https:\/\/cinematurc.com\/site\/wp-content\/uploads\/2025\/02\/GI_Logo_horizontal_green.jpg 1413w\" sizes=\"auto, (max-width: 1024px) 100vw, 1024px\" \/><\/figure><div class=\"wp-block-media-text__content\">\n<p><a href=\"https:\/\/www.goethe.de\/ins\/fr\/fr\/index.html\" target=\"_blank\" rel=\"noreferrer noopener\">Goethe Institut<\/a><\/p>\n\n\n\n<p>Le Goethe-Institut de Paris promeut la langue allemande, organise de nombreux \u00e9v\u00e9nements culturels et dispose d\u2019une importante biblioth\u00e8que. Dans le cadre de ses projets, il travaille en \u00e9troite collaboration avec des partenaires fran\u00e7ais et europ\u00e9ens en mettant constamment le dialogue interculturel au premier plan. Le&nbsp;d\u00e9partement culturel&nbsp;propose un large choix de manifestations dans les domaines du cin\u00e9ma, des arts plastiques, de la musique, du th\u00e9\u00e2tre, de la danse et de la litt\u00e9rature. Des d\u00e9bats sont l\u2019occasion de discuter de th\u00e8mes d\u2019actualit\u00e9, trait\u00e9s sous un \u00e9clairage allemand, fran\u00e7ais ou europ\u00e9en.<\/p>\n<\/div><\/div>\n\n\n\n<div class=\"wp-block-media-text is-stacked-on-mobile is-vertically-aligned-top\" style=\"grid-template-columns:20% auto\"><figure class=\"wp-block-media-text__media\"><img loading=\"lazy\" decoding=\"async\" width=\"204\" height=\"39\" src=\"http:\/\/cinematurc.com\/site\/wp-content\/uploads\/2025\/04\/parisdolmusu_logo.png\" alt=\"\" class=\"wp-image-378 size-full\"\/><\/figure><div class=\"wp-block-media-text__content\">\n<p><a href=\"https:\/\/www.parisdolmusu.com\/index\/\">Paris Dolmu\u015fu<\/a><\/p>\n\n\n\n<p>Paris Dolmu\u015fu est une soci\u00e9t\u00e9 de transport priv\u00e9e qui met \u00e0 votre disposition des v\u00e9hicules confortables pour rejoindre votre adresse ou Disneyland Paris depuis les a\u00e9roports Charles de Gaulle (CDG), Orly (ORY) et Beauvais (BVX) en toute s\u00e9curit\u00e9. <\/p>\n<\/div><\/div>\n\n\n\n<p><\/p>\n","protected":false},"excerpt":{"rendered":"<p>Mairie du 10e Arrondissement Le 10e c\u2019est l\u2019arrondissement des salles de spectacle et des grands boulevards o\u00f9, au d\u00e9but du XXe si\u00e8cle, est n\u00e9 le french cancan. Ses deux gares, ses quatre h\u00f4pitaux, ses deux arcs de triomphe, son canal, ses anciens couvents sont aujourd\u2019hui les t\u00e9moins du riche pass\u00e9 de la capitale. Rest\u00e9 populaire, [&hellip;]<\/p>\n","protected":false},"author":1,"featured_media":0,"parent":0,"menu_order":0,"comment_status":"closed","ping_status":"closed","template":"","meta":{"footnotes":""},"class_list":["post-88","page","type-page","status-publish","hentry"],"_links":{"self":[{"href":"https:\/\/cinematurc.com\/site\/index.php?rest_route=\/wp\/v2\/pages\/88","targetHints":{"allow":["GET"]}}],"collection":[{"href":"https:\/\/cinematurc.com\/site\/index.php?rest_route=\/wp\/v2\/pages"}],"about":[{"href":"https:\/\/cinematurc.com\/site\/index.php?rest_route=\/wp\/v2\/types\/page"}],"author":[{"embeddable":true,"href":"https:\/\/cinematurc.com\/site\/index.php?rest_route=\/wp\/v2\/users\/1"}],"replies":[{"embeddable":true,"href":"https:\/\/cinematurc.com\/site\/index.php?rest_route=%2Fwp%2Fv2%2Fcomments&post=88"}],"version-history":[{"count":11,"href":"https:\/\/cinematurc.com\/site\/index.php?rest_route=\/wp\/v2\/pages\/88\/revisions"}],"predecessor-version":[{"id":553,"href":"https:\/\/cinematurc.com\/site\/index.php?rest_route=\/wp\/v2\/pages\/88\/revisions\/553"}],"wp:attachment":[{"href":"https:\/\/cinematurc.com\/site\/index.php?rest_route=%2Fwp%2Fv2%2Fmedia&parent=88"}],"curies":[{"name":"wp","href":"https:\/\/api.w.org\/{rel}","templated":true}]}}